{"id":53,"date":"2021-04-04T22:42:52","date_gmt":"2021-04-04T21:42:52","guid":{"rendered":"http:\/\/www.redcase.se\/?page_id=53"},"modified":"2021-08-30T01:18:23","modified_gmt":"2021-08-30T00:18:23","slug":"forlora-inte-pengar-pa-tvistiga-fordringar","status":"publish","type":"page","link":"https:\/\/www.redcase.se\/index.php\/forlora-inte-pengar-pa-tvistiga-fordringar\/","title":{"rendered":"F\u00f6rlora inte pengar p\u00e5 tvistiga fordringar"},"content":{"rendered":"\n<p class=\"has-huge-font-size\"><br><strong>Hitta dolda v\u00e4rden i er kundreskontra<\/strong><\/p>\n\n\n\n<p class=\"has-normal-font-size\"><br>S\u00e4ljer ert f\u00f6retag p\u00e5 kredit? Eller g\u00e5r ni i tankar p\u00e5 att b\u00f6rja erbjuda faktura som betalningsalternativ? Vi p\u00e5 Redcase \u00e4r experter p\u00e5 att hj\u00e4lpa f\u00f6retag att ta betalt i efterskott \u00e4ven i de mest besv\u00e4rliga branscher, d\u00e4r motparterna kan vara konsumenter, fordringarna kan vara p\u00e5 sm\u00e5belopp och antalet bestridanden kan vara h\u00f6gt.<\/p>\n\n\n\n<p class=\"has-normal-font-size\">De senaste decennierna har s\u00e5v\u00e4l konsumenternas tillg\u00e5ng till internet som EU:s konsumentskyddsregler och svenska processuella begr\u00e4nsningar \u00f6kat kraven p\u00e5 n\u00e4ringsidkare som bedriver konsumentf\u00f6rs\u00e4ljning p\u00e5 kredit. F\u00f6retag som inte anpassar sig kommer att uppt\u00e4ckta att en v\u00e4xande grupp v\u00e4linformerade konsumenter bestrider sina fakturor, och att det ofta \u00e4r inte \u00e4r l\u00f6nsamt eller ens m\u00f6jligt att v\u00e4cka talan i domstol f\u00f6r att f\u00e5 betalt.<\/p>\n\n\n\n<p class=\"has-normal-font-size\">Det h\u00e4r har gjort att fler f\u00f6retag undviker faktura som betalningsalternativ, vilket drabbar b\u00e5de f\u00f6retag och konsumenter. Faktura \u00e4r fortfarande det tryggaste och \u00f6verl\u00e4gset mest popul\u00e4ra s\u00e4ttet att betala, och att erbjuda faktura som betalningsmetod \u00f6kar antalet aff\u00e4rer i n\u00e4stan alla f\u00f6retag.<\/p>\n\n\n\n<p class=\"has-normal-font-size\">Vi p\u00e5 Redcase skiljer oss fr\u00e5n traditionella inkassof\u00f6retag p\u00e5 det s\u00e4ttet att vi kommer in i processen tidigt, innan det \u00e4r f\u00f6r sent och kunden redan har fattat beslut om att inte betala. Tillsammans med v\u00e5ra uppdragsgivare tar vi fram fungerande system och processer f\u00f6r att s\u00e4kerst\u00e4lla att f\u00f6rs\u00e4ljningen, leveransen och faktureringen redan \u00e4r anpassad f\u00f6r det v\u00e4rsta \u2013 en situation d\u00e4r kunden utan n\u00e5gon speciell anledning bestrider betalningsansvar.<\/p>\n\n\n\n<p class=\"has-normal-font-size\">Genom att redan fr\u00e5n b\u00f6rjan skr\u00e4ddarsy processen fr\u00e5n leverans till lagakraftvunnen dom minskar vi kraftigt konsumenternas incitament att bestrida f\u00f6retagets fakturor. Samtidigt leder dessa \u00e5tg\u00e4rder faktiskt till n\u00f6jdare kunder \u2013 genom tydligare, rakare och sundare aff\u00e4rer.<\/p>\n\n\n\n<p class=\"has-normal-font-size\">Men \u00e4ven f\u00f6retag som g\u00f6r allting r\u00e4tt kommer att drabbas av kunder som helt enkelt v\u00e4grar betala. D\u00e5 erbjuder vi tekniskt st\u00f6d och f\u00e4rdiga rutiner f\u00f6r att hj\u00e4lpa er att skicka inkassokrav och ans\u00f6ka om betalningsf\u00f6rel\u00e4ggande vid Kronofogden. L\u00e4s mer om v\u00e5ra <a href=\"https:\/\/www.redcase.se\/index.php\/forlora-inte-pengar-pa-tvistiga-fordringar\/\">tj\u00e4nster f\u00f6r egeninkasso.<\/a><\/p>\n\n\n\n<p class=\"has-normal-font-size\">Om kunden bestrider kravet \u00f6verl\u00e4mnas \u00e4rendet till v\u00e5rt systerf\u00f6retag Advokatfirman Carl Ridderstr\u00e5le AB som f\u00f6r er r\u00e4kning driver in fordran i domstol. Ni f\u00e5r d\u00e4rmed en advokatbyr\u00e5 som tar det fulla ansvaret f\u00f6r allt juridiskt arbete, inklusive all juridisk r\u00e5dgivning till er, samtidigt som v\u00e5ra skr\u00e4ddarsydda rutiner, tekniska l\u00f6sningar och effektiva processer i f\u00f6rledet g\u00f6r att advokatkostnaderna kan stanna vid en br\u00e5kdel av vad det skulle kosta att anlita en extern jurist. Kontakta oss s\u00e5 ber\u00e4ttar vi mer.<\/p>\n","protected":false},"excerpt":{"rendered":"<p>Hitta dolda v\u00e4rden i er kundreskontra S\u00e4ljer ert f\u00f6retag p\u00e5 kredit? Eller g\u00e5r ni i tankar p\u00e5 att b\u00f6rja erbjuda faktura som betalningsalternativ? Vi p\u00e5 Redcase \u00e4r experter p\u00e5 att hj\u00e4lpa f\u00f6retag att ta betalt i efterskott \u00e4ven i de mest besv\u00e4rliga branscher, d\u00e4r motparterna kan vara konsumenter, fordringarna kan vara p\u00e5 sm\u00e5belopp och antalet<\/p>\n","protected":false},"author":1,"featured_media":0,"parent":0,"menu_order":0,"comment_status":"closed","ping_status":"closed","template":"","meta":[],"_links":{"self":[{"href":"https:\/\/www.redcase.se\/index.php\/wp-json\/wp\/v2\/pages\/53"}],"collection":[{"href":"https:\/\/www.redcase.se\/index.php\/wp-json\/wp\/v2\/pages"}],"about":[{"href":"https:\/\/www.redcase.se\/index.php\/wp-json\/wp\/v2\/types\/page"}],"author":[{"embeddable":true,"href":"https:\/\/www.redcase.se\/index.php\/wp-json\/wp\/v2\/users\/1"}],"replies":[{"embeddable":true,"href":"https:\/\/www.redcase.se\/index.php\/wp-json\/wp\/v2\/comments?post=53"}],"version-history":[{"count":29,"href":"https:\/\/www.redcase.se\/index.php\/wp-json\/wp\/v2\/pages\/53\/revisions"}],"predecessor-version":[{"id":112,"href":"https:\/\/www.redcase.se\/index.php\/wp-json\/wp\/v2\/pages\/53\/revisions\/112"}],"wp:attachment":[{"href":"https:\/\/www.redcase.se\/index.php\/wp-json\/wp\/v2\/media?parent=53"}],"curies":[{"name":"wp","href":"https:\/\/api.w.org\/{rel}","templated":true}]}}